se 14) to base 13
-15
Convert 18b (base 16) to base 2.
110001011
1 (base 2) to base 4
1
Convert -3 (base 15) to base 3.
-10
Convert 30 (base 5) to base 14.
11
What is -3 (base 5) in base 15?
-3
What is 41 (base 13) in base 4?
311
110 (base 4) to base 13
17
-84 (base 9) to base 16
-4c
Convert -10 (base 2) to base 5.
-2
-1 (base 2) to base 10
-1
22 (base 8) to base 12
16
Convert -3a (base 15) to base 10.
-55
What is 310 (base 5) in base 12?
68
126 (base 8) to base 3
10012
-2 (base 7) to base 5
-2
-100 (base 4) to base 8
-20
115 (base 6) to base 2
101111
-18 (base 9) to base 3
-122
What is -87 (base 9) in base 12?
-67
Convert -3 (base 10) to base 15.
-3
Convert -63 (base 9) to base 4.
-321
Convert -3001 (base 4) to base 12.
-141
Convert -8 (base 10) to base 6.
-12
What is -2 (base 4) in base 15?
-2
1 (base 11) to base 2
1
0 (base 5) to base 15
0
Convert 0 (base 15) to base 14.
0
What is -7 (base 12) in base 8?
-7
What is -4 (base 13) in base 11?
-4
16 (base 13) to base 12
17
What is -b (base 15) in base 4?
-23
Convert -10112 (base 3) to base 15.
-65
138 (base 13) to base 10
216
Convert -110000 (base 2) to base 7.
-66
-1 (base 2) to base 14
-1
2220 (base 4) to base 10
168
Convert 74 (base 8) to base 7.
114
2 (base 10) to base 11
2
-12 (base 4) to base 16
-6
What is 0 (base 10) in base 11?
0
What is -8 (base 9) in base 8?
-10
Convert 4 (base 8) to base 7.
4
Convert 2 (base 10) to base 7.
2
5 (base 11) to base 3
12
What is b (base 15) in base 13?
b
What is -101100010 (base 2) in base 16?
-162
1 (base 11) to base 8
1
What is 3 (base 12) in base 3?
10
-2 (base 6) to base 2
-10
4 (base 13) to base 4
10
-30 (base 13) to base 7
-54
What is 6 (base 15) in base 12?
6
What is 279 (base 10) in base 13?
186
Convert 4 (base 8) to base 4.
10
-21 (base 11) to base 2
-10111
What is 10 (base 7) in base 15?
7
What is -25 (base 6) in base 14?
-13
Convert -5 (base 13) to base 9.
-5
-22 (base 9) to base 6
-32
Convert 137 (base 12) to base 6.
511
Convert 10201 (base 3) to base 14.
72
What is 0 (base 14) in base 11?
0
Convert -4 (base 11) to base 10.
-4
Convert 1 (base 4) to base 15.
1
-3 (base 5) to base 6
-3
Convert -5 (base 8) to base 12.
-5
Convert 13 (base 6) to base 7.
12
What is 13 (base 7) in base 5?
20
Convert -10110 (base 2) to base 5.
-42
-1 (base 14) to base 4
-1
Convert 28 (base 14) to base 12.
30
Convert 3 (base 12) to base 5.
3
What is 13 (base 14) in base 16?
11
-2 (base 6) to base 4
-2
14 (base 5) to base 15
9
Convert 65 (base 15) to base 6.
235
What is -11110010 (base 2) in base 6?
-1042
Convert 10 (base 2) to base 11.
2
Convert -a (base 14) to base 12.
-a
-5 (base 14) to base 13
-5
Convert -16 (base 10) to base 14.
-12
What is -1000001 (base 2) in base 7?
-122
What is 32 (base 16) in base 11?
46
-20 (base 5) to base 15
-a
13 (base 8) to base 4
23
Convert -7 (base 12) to base 16.
-7
Convert 1112 (base 4) to base 8.
126
Convert -5 (base 13) to base 6.
-5
Convert -5 (base 8) to base 5.
-10
Convert -10100000 (base 2) to base 13.
-c4
What is 2 (base 4) in base 9?
2
10 (base 4) to base 9
4
What is 1110100 (base 2) in base 16?
74
a (base 15) to base 14
a
Convert 101 (base 4) to base 14.
13
What is 202 (base 3) in base 5?
40
112 (base 5) to base 6
52
What is 2021 (base 3) in base 8?
75
Convert -32 (base 4) to base 5.
-24
What is -1a (base 14) in base 2?
-11000
What is 20 (base 4) in base 10?
8
20 (base 6) to base 9
13
What is 2 (base 4) in base 12?
2
Convert 2201 (base 4) to base 6.
425
Convert 0 (base 11) to base 16.
0
159 (base 15) to base 8
465
Convert 1c (base 15) to base 4.
123
Convert -25 (base 6) to base 2.
-10001
Convert -2020 (base 3) to base 15.
-40
What is -14 (base 10) in base 13?
-11
3 (base 14) to base 15
3
4 (base 9) to base 7
4
-11021 (base 3) to base 12
-97
What is 38 (base 14) in base 11?
46
What is 1 (base 3) in base 10?
1
What is 20 (base 13) in base 4?
122
Convert 2 (base 8) to base 15.
2
What is 3a (base 11) in base 16?
2b
-18 (base 14) to base 9
-24
Convert 150 (base 8) to base 4.
1220
What is -14 (base 8) in base 16?
-c
132 (base 5) to base 2
101010
What is 0 (base 3) in base 7?
0
30 (base 5) to base 9
16
Convert 1012 (base 5) to base 13.
a2
Convert -13 (base 12) to base 3.
-120
Convert -3 (base 6) to base 10.
-3
What is 3 (base 9) in base 7?
3
What is 42 (base 14) in base 8?
72
What is 10 (base 13) in base 5?
23
Convert -6 (base 14) to base 9.
-6
86 (base 12) to base 8
146
What is 27 (base 16) in base 9?
43
Convert 3 (base 8) to base 7.
3
What is 0 (base 14) in base 4?
0
2 (base 3) to base 12
2
What is 78 (base 10) in base 14?
58
-130 (base 12) to base 13
-10b
Convert -1 (base 5) to base 7.
-1
Convert 10 (base 3) to base 9.
3
What is 121 (base 3) in base 15?
11
Convert -2200 (base 3) to base 15.
-4c
12022 (base 3) to base 7
263
What is -1 (base 14) in base 8?
-1
-1 (base 10) to base 4
-1
4 (base 12) to base 8
4
-3 (base 9) to base 4
-3
0 (base 10) to base 7
0
Convert 23 (base 4) to base 7.
14
-2 (base 14) to base 13
-2
-226 (base 8) to base 12
-106
Convert 12 (base 9) to base 15.
b
-8 (base 15) to base 3
-22
What is -17 (base 16) in base 7?
-32
Convert 5 (base 8) to base 6.
5
Convert -6 (base 15) to base 2.
-110
Convert 1 (base 8) to base 7.
1
What is -11 (base 2) in base 14?
-3
What is 48 (base 15) in base 9?
75
What is -6 (base 15) in base 14?
-6
What is -11 (base 2) in base 11?
-3
Convert 37 (base 14) to base 11.
45
What is -3100 (base 4) in base 14?
-10c
What is 1100 (base 2) in base 12?
10
What is -49 (base 11) in base 6?
-125
-2 (base 9) to base 10
-2
What is 9 (base 15) in base 6?
13
111 (base 3) to base 16
d
Convert -1000 (base 3) to base 14.
-1d
Convert 63 (base 8) to base 13.
3c
5 (base 13) to base 6
5
Convert 102 (base 3) to base 12.
b
Convert 222 (base 3) to base 13.
20
18 (base 10) to base 14
14
Convert -10 (base 12) to base 15.
-c
3 (base 4) to base 5
3
What is 2202 (base 3) in base 12?
62
What is -1000 (base 2) in base 9?
-8
Convert -11 (base 5) to base 10.
-6
What is 9b (base 16) in base 14?
b1
What is b (base 15) in base 3?
102
What is 44 (base 6) in base 14?
20
What is -49 (base 15) in base 6?
-153
What is 10 (base 10) in base 11?
a
Convert 4 (base 7) to base 15.
4
-5 (base 11) to base 15
-5
35 (base 11) to base 14
2a
What is 272 (base 8) in base 7?
354
What is 1 (base 12) in base 4?
1
Convert -10 (base 2) to base 14.
-2
Convert 23 (base 9) to base 5.
41
Convert 0 (base 3) to base 9.
0
Convert 1 (base 4) to base 5.
1
0 (base 3) to base 7
0
-111110 (base 2) to base 10
-62
Convert 3 (base 11) to base 2.
11
What is 12 (base 7) in base 15?
9
What is -109 (base 10) in base 8?
-155
-10001 (base 2) to base 16
-11
37 (base 10) to base 5
122
Convert -23 (base 4) to base 11.
-10
What is -2302 (base 4) in base 15?
-bd
What is 4 (base 6) in base 5?
4
Convert 45 (base 14) to base 16.
3d
Convert -2 (base 4) to base 13.
-2
-24 (base 16) to base 14
-28
What is -356 (base 8) in base 5?
-1423
2 (base 7) to base 14
2
Convert 46 (base 9) to base 2.
101010
-7e (base 16) to base 14
-90
Convert -142 (base 7) to base 14.
-59
Convert 5 (base 9) to base 16.
5
4 (base 15) to base 13
4
What is -5 (base 9) in base 10?
-5
Convert -42 (base 8) to base 16.
-22
Convert 41 (base 9) to base 12.
31
4 (base 9) to base 4
10
-2b (base 13) to base 3
-1101
Convert -37 (base 11) to base 15.
-2a
-164 (base 9) to base 16
-8b
Convert -13 (base 8) to base 7.
-14
-65 (base 8) to base 13
-41
What is -6 (base 7) in base 14?
-6
-13 (base 4) to base 14
-7
Convert 1100 (base 4) to base 15.
55
What is 6 (base 14) in base 4?
12
Convert 11 (base 5) to base 14.
6
-12 (base 10) to base 15
-c
What is -31 (base 7) in base 8?
-26
Convert -1 (base 10) to base 15.
-1
-4 (base 5) to base 10
-4
What is -52 (base 6) in base 9?
-35
2 (base 16) to base 10
2
Convert 14 (base 11) to base 3.
120
2 (base 13) to base 12
2
Convert 18c (base 14) to base 7.
635
-14 (base 5) to base 2
-1001
What is 210 (base 4) in base 10?
36
Convert 5 (base 10) to base 2.
101
What is -1001 (base 2) in base 4?
-21
What is -4 (base 10) in base 6?
-4
What is 202 (base 4) in base 12?
2a
Convert 10 (base 5) to base 11.
5
What is -4 (base 6) in base 15?
-4
What is -21 (base 14) in base 11?
-27
Convert 2 (base 12) to base 2.
10
-3 (base 14) to base 3
-10
-1b (base 16) to base 15
-1c
421 (base 5) to base 14
7d